{"id":630,"date":"2023-11-05T01:16:09","date_gmt":"2023-11-05T01:16:09","guid":{"rendered":"https:\/\/staging.horteladaribeira.pt\/?page_id=630"},"modified":"2024-01-08T18:18:06","modified_gmt":"2024-01-08T18:18:06","slug":"cortes-do-meio","status":"publish","type":"page","link":"https:\/\/horteladaribeira.pt\/index.php\/aldeias\/cortes-do-meio\/","title":{"rendered":"Cortes do Meio"},"content":{"rendered":"<p>Cortes do Meio refugia-se nas margens da sua ribeira semiglaciar, na vertente sul da Serra da Estrela, ribeira essa que pinta de azul os majestosos frag\u00f5es que, atentamente, observamos a partir de qualquer ponto da aldeia.<\/p>\n<p><!--more--><\/p>\n<p>A Freguesia de Cortes do Meio foi fundada no dia 27 de Janeiro de 1859.<br \/>A 15 km da Covilh\u00e3, a freguesia de Cortes do Meio estende-se desde o planalto das Penhas da Sa\u00fade at\u00e9 \u00e0 verde plan\u00edcie do Ourondinho, a que correspondem 5 mil hectares de repousante beleza e colossal grandiosidade.<\/p>\n<p>A esta Freguesia pertencem os lugares da Bou\u00e7a, Cortes de Baixo, Ourondinho e Penhas da Sa\u00fade. Encaixada entre Unhais da Serra, Paul, Peso, Tortosendo, Vila do Carvalho, Manteigas e Covilh\u00e3, Cortes do Meio insurge-se atrav\u00e9s do encanto dos seus contrastes, observ\u00e1veis por entre as encostas e os profundos vales que escondem segredos.<\/p>\n<div class=\"tiled-gallery type-rectangular tiled-gallery-unresized\" data-original-width=\"800\" data-carousel-extra='null' itemscope itemtype=\"http:\/\/schema.org\/ImageGallery\" > <div class=\"gallery-row\" style=\"width: 800px; height: 428px;\" data-original-width=\"800\" data-original-height=\"428\" > <div class=\"gallery-group images-1\" style=\"width: 534px; height: 428px;\" data-original-width=\"534\" data-original-height=\"428\" > <div class=\"tiled-gallery-item tiled-gallery-item-large\" itemprop=\"associatedMedia\" itemscope itemtype=\"http:\/\/schema.org\/ImageObject\"> <a href=\"https:\/\/horteladaribeira.pt\/index.php\/aldeias\/cortes-do-meio\/cortesdomeio8\/\" border=\"0\" itemprop=\"url\"> <meta itemprop=\"width\" content=\"530\"> <meta itemprop=\"height\" content=\"424\"> <img decoding=\"async\" class=\"\" data-attachment-id=\"640\" data-orig-file=\"https:\/\/horteladaribeira.pt\/wp-content\/uploads\/2023\/11\/cortesdomeio8.jpg\" data-orig-size=\"1000,800\" data-comments-opened=\"1\" data-image-meta=\"{&quot;aperture&quot;:&quot;0&quot;,&quot;credit&quot;:&quot;&quot;,&quot;camera&quot;:&quot;&quot;,&quot;caption&quot;:&quot;&quot;,&quot;created_timestamp&quot;:&quot;0&quot;,&quot;copyright&quot;:&quot;&quot;,&quot;focal_length&quot;:&quot;0&quot;,&quot;iso&quot;:&quot;0&quot;,&quot;shutter_speed&quot;:&quot;0&quot;,&quot;title&quot;:&quot;&quot;,&quot;orientation&quot;:&quot;0&quot;}\" data-image-title=\"cortesdomeio8\" data-image-description=\"\" data-medium-file=\"https:\/\/i0.wp.com\/horteladaribeira.pt\/wp-content\/uploads\/2023\/11\/cortesdomeio8.jpg?fit=300%2C240&#038;ssl=1\" data-large-file=\"https:\/\/i0.wp.com\/horteladaribeira.pt\/wp-content\/uploads\/2023\/11\/cortesdomeio8.jpg?fit=800%2C640&#038;ssl=1\" src=\"https:\/\/i0.wp.com\/horteladaribeira.pt\/wp-content\/uploads\/2023\/11\/cortesdomeio8.jpg?w=530&#038;h=424&#038;ssl=1\" srcset=\"https:\/\/i0.wp.com\/horteladaribeira.pt\/wp-content\/uploads\/2023\/11\/cortesdomeio8.jpg?w=1000&amp;ssl=1 1000w, https:\/\/i0.wp.com\/horteladaribeira.pt\/wp-content\/uploads\/2023\/11\/cortesdomeio8.jpg?resize=300%2C240&amp;ssl=1 300w, https:\/\/i0.wp.com\/horteladaribeira.pt\/wp-content\/uploads\/2023\/11\/cortesdomeio8.jpg?resize=768%2C614&amp;ssl=1 768w, https:\/\/i0.wp.com\/horteladaribeira.pt\/wp-content\/uploads\/2023\/11\/cortesdomeio8.jpg?resize=800%2C640&amp;ssl=1 800w\" width=\"530\" height=\"424\" loading=\"lazy\" data-original-width=\"530\" data-original-height=\"424\" itemprop=\"http:\/\/schema.org\/image\" title=\"cortesdomeio8\" alt=\"7_Aldeia: Cortes do Meio\" style=\"width: 530px; height: 424px;\" \/> <\/a> <div class=\"tiled-gallery-caption\" itemprop=\"caption description\"> 7_Aldeia: Cortes do Meio <\/div> <\/div> <\/div> <!-- close group --> <div class=\"gallery-group images-2\" style=\"width: 266px; height: 428px;\" data-original-width=\"266\" data-original-height=\"428\" > <div class=\"tiled-gallery-item tiled-gallery-item-large\" itemprop=\"associatedMedia\" itemscope itemtype=\"http:\/\/schema.org\/ImageObject\"> <a href=\"https:\/\/horteladaribeira.pt\/index.php\/aldeias\/cortes-do-meio\/cortesdomeio6\/\" border=\"0\" itemprop=\"url\"> <meta itemprop=\"width\" content=\"262\"> <meta itemprop=\"height\" content=\"210\"> <img decoding=\"async\" class=\"\" data-attachment-id=\"642\" data-orig-file=\"https:\/\/horteladaribeira.pt\/wp-content\/uploads\/2023\/11\/cortesdomeio6.jpg\" data-orig-size=\"1000,800\" data-comments-opened=\"1\" data-image-meta=\"{&quot;aperture&quot;:&quot;0&quot;,&quot;credit&quot;:&quot;&quot;,&quot;camera&quot;:&quot;&quot;,&quot;caption&quot;:&quot;&quot;,&quot;created_timestamp&quot;:&quot;0&quot;,&quot;copyright&quot;:&quot;&quot;,&quot;focal_length&quot;:&quot;0&quot;,&quot;iso&quot;:&quot;0&quot;,&quot;shutter_speed&quot;:&quot;0&quot;,&quot;title&quot;:&quot;&quot;,&quot;orientation&quot;:&quot;0&quot;}\" data-image-title=\"cortesdomeio6\" data-image-description=\"\" data-medium-file=\"https:\/\/i0.wp.com\/horteladaribeira.pt\/wp-content\/uploads\/2023\/11\/cortesdomeio6.jpg?fit=300%2C240&#038;ssl=1\" data-large-file=\"https:\/\/i0.wp.com\/horteladaribeira.pt\/wp-content\/uploads\/2023\/11\/cortesdomeio6.jpg?fit=800%2C640&#038;ssl=1\" src=\"https:\/\/i0.wp.com\/horteladaribeira.pt\/wp-content\/uploads\/2023\/11\/cortesdomeio6.jpg?w=262&#038;h=210&#038;ssl=1\" srcset=\"https:\/\/i0.wp.com\/horteladaribeira.pt\/wp-content\/uploads\/2023\/11\/cortesdomeio6.jpg?w=1000&amp;ssl=1 1000w, https:\/\/i0.wp.com\/horteladaribeira.pt\/wp-content\/uploads\/2023\/11\/cortesdomeio6.jpg?resize=300%2C240&amp;ssl=1 300w, https:\/\/i0.wp.com\/horteladaribeira.pt\/wp-content\/uploads\/2023\/11\/cortesdomeio6.jpg?resize=768%2C614&amp;ssl=1 768w, https:\/\/i0.wp.com\/horteladaribeira.pt\/wp-content\/uploads\/2023\/11\/cortesdomeio6.jpg?resize=800%2C640&amp;ssl=1 800w\" width=\"262\" height=\"210\" loading=\"lazy\" data-original-width=\"262\" data-original-height=\"210\" itemprop=\"http:\/\/schema.org\/image\" title=\"cortesdomeio6\" alt=\"5_Aldeia: Cortes do Meio\" style=\"width: 262px; height: 210px;\" \/> <\/a> <div class=\"tiled-gallery-caption\" itemprop=\"caption description\"> 5_Aldeia: Cortes do Meio <\/div> <\/div> <div class=\"tiled-gallery-item tiled-gallery-item-large\" itemprop=\"associatedMedia\" itemscope itemtype=\"http:\/\/schema.org\/ImageObject\"> <a href=\"https:\/\/horteladaribeira.pt\/index.php\/aldeias\/cortes-do-meio\/cortesdomeio10\/\" border=\"0\" itemprop=\"url\"> <meta itemprop=\"width\" content=\"262\"> <meta itemprop=\"height\" content=\"210\"> <img decoding=\"async\" class=\"\" data-attachment-id=\"638\" data-orig-file=\"https:\/\/horteladaribeira.pt\/wp-content\/uploads\/2023\/11\/cortesdomeio10.jpg\" data-orig-size=\"1000,800\" data-comments-opened=\"1\" data-image-meta=\"{&quot;aperture&quot;:&quot;0&quot;,&quot;credit&quot;:&quot;&quot;,&quot;camera&quot;:&quot;&quot;,&quot;caption&quot;:&quot;&quot;,&quot;created_timestamp&quot;:&quot;0&quot;,&quot;copyright&quot;:&quot;&quot;,&quot;focal_length&quot;:&quot;0&quot;,&quot;iso&quot;:&quot;0&quot;,&quot;shutter_speed&quot;:&quot;0&quot;,&quot;title&quot;:&quot;&quot;,&quot;orientation&quot;:&quot;0&quot;}\" data-image-title=\"cortesdomeio10\" data-image-description=\"\" data-medium-file=\"https:\/\/i0.wp.com\/horteladaribeira.pt\/wp-content\/uploads\/2023\/11\/cortesdomeio10.jpg?fit=300%2C240&#038;ssl=1\" data-large-file=\"https:\/\/i0.wp.com\/horteladaribeira.pt\/wp-content\/uploads\/2023\/11\/cortesdomeio10.jpg?fit=800%2C640&#038;ssl=1\" src=\"https:\/\/i0.wp.com\/horteladaribeira.pt\/wp-content\/uploads\/2023\/11\/cortesdomeio10.jpg?w=262&#038;h=210&#038;ssl=1\" srcset=\"https:\/\/i0.wp.com\/horteladaribeira.pt\/wp-content\/uploads\/2023\/11\/cortesdomeio10.jpg?w=1000&amp;ssl=1 1000w, https:\/\/i0.wp.com\/horteladaribeira.pt\/wp-content\/uploads\/2023\/11\/cortesdomeio10.jpg?resize=300%2C240&amp;ssl=1 300w, https:\/\/i0.wp.com\/horteladaribeira.pt\/wp-content\/uploads\/2023\/11\/cortesdomeio10.jpg?resize=768%2C614&amp;ssl=1 768w, https:\/\/i0.wp.com\/horteladaribeira.pt\/wp-content\/uploads\/2023\/11\/cortesdomeio10.jpg?resize=800%2C640&amp;ssl=1 800w\" width=\"262\" height=\"210\" loading=\"lazy\" data-original-width=\"262\" data-original-height=\"210\" itemprop=\"http:\/\/schema.org\/image\" title=\"cortesdomeio10\" alt=\"8_Aldeia: Cortes do Meio\" style=\"width: 262px; height: 210px;\" \/> <\/a> <div class=\"tiled-gallery-caption\" itemprop=\"caption description\"> 8_Aldeia: Cortes do Meio <\/div> <\/div> <\/div> <!-- close group --> <\/div> <!-- close row --> <div class=\"gallery-row\" style=\"width: 800px; height: 214px;\" data-original-width=\"800\" data-original-height=\"214\" > <div class=\"gallery-group images-1\" style=\"width: 267px; height: 214px;\" data-original-width=\"267\" data-original-height=\"214\" > <div class=\"tiled-gallery-item tiled-gallery-item-large\" itemprop=\"associatedMedia\" itemscope itemtype=\"http:\/\/schema.org\/ImageObject\"> <a href=\"https:\/\/horteladaribeira.pt\/index.php\/aldeias\/cortes-do-meio\/cortesdomeio4\/\" border=\"0\" itemprop=\"url\"> <meta itemprop=\"width\" content=\"263\"> <meta itemprop=\"height\" content=\"210\"> <img decoding=\"async\" class=\"\" data-attachment-id=\"644\" data-orig-file=\"https:\/\/horteladaribeira.pt\/wp-content\/uploads\/2023\/11\/cortesdomeio4.jpg\" data-orig-size=\"1000,800\" data-comments-opened=\"1\" data-image-meta=\"{&quot;aperture&quot;:&quot;0&quot;,&quot;credit&quot;:&quot;&quot;,&quot;camera&quot;:&quot;&quot;,&quot;caption&quot;:&quot;&quot;,&quot;created_timestamp&quot;:&quot;0&quot;,&quot;copyright&quot;:&quot;&quot;,&quot;focal_length&quot;:&quot;0&quot;,&quot;iso&quot;:&quot;0&quot;,&quot;shutter_speed&quot;:&quot;0&quot;,&quot;title&quot;:&quot;&quot;,&quot;orientation&quot;:&quot;0&quot;}\" data-image-title=\"cortesdomeio4\" data-image-description=\"\" data-medium-file=\"https:\/\/i0.wp.com\/horteladaribeira.pt\/wp-content\/uploads\/2023\/11\/cortesdomeio4.jpg?fit=300%2C240&#038;ssl=1\" data-large-file=\"https:\/\/i0.wp.com\/horteladaribeira.pt\/wp-content\/uploads\/2023\/11\/cortesdomeio4.jpg?fit=800%2C640&#038;ssl=1\" src=\"https:\/\/i0.wp.com\/horteladaribeira.pt\/wp-content\/uploads\/2023\/11\/cortesdomeio4.jpg?w=263&#038;h=210&#038;ssl=1\" srcset=\"https:\/\/i0.wp.com\/horteladaribeira.pt\/wp-content\/uploads\/2023\/11\/cortesdomeio4.jpg?w=1000&amp;ssl=1 1000w, https:\/\/i0.wp.com\/horteladaribeira.pt\/wp-content\/uploads\/2023\/11\/cortesdomeio4.jpg?resize=300%2C240&amp;ssl=1 300w, https:\/\/i0.wp.com\/horteladaribeira.pt\/wp-content\/uploads\/2023\/11\/cortesdomeio4.jpg?resize=768%2C614&amp;ssl=1 768w, https:\/\/i0.wp.com\/horteladaribeira.pt\/wp-content\/uploads\/2023\/11\/cortesdomeio4.jpg?resize=800%2C640&amp;ssl=1 800w\" width=\"263\" height=\"210\" loading=\"lazy\" data-original-width=\"263\" data-original-height=\"210\" itemprop=\"http:\/\/schema.org\/image\" title=\"cortesdomeio4\" alt=\"3_Aldeia: Cortes do Meio\" style=\"width: 263px; height: 210px;\" \/> <\/a> <div class=\"tiled-gallery-caption\" itemprop=\"caption description\"> 3_Aldeia: Cortes do Meio <\/div> <\/div> <\/div> <!-- close group --> <div class=\"gallery-group images-1\" style=\"width: 267px; height: 214px;\" data-original-width=\"267\" data-original-height=\"214\" > <div class=\"tiled-gallery-item tiled-gallery-item-large\" itemprop=\"associatedMedia\" itemscope itemtype=\"http:\/\/schema.org\/ImageObject\"> <a href=\"https:\/\/horteladaribeira.pt\/index.php\/aldeias\/cortes-do-meio\/cortesdomeio9-1\/\" border=\"0\" itemprop=\"url\"> <meta itemprop=\"width\" content=\"263\"> <meta itemprop=\"height\" content=\"210\"> <img decoding=\"async\" class=\"\" data-attachment-id=\"646\" data-orig-file=\"https:\/\/horteladaribeira.pt\/wp-content\/uploads\/2023\/11\/cortesdomeio9-1.jpg\" data-orig-size=\"1000,800\" data-comments-opened=\"1\" data-image-meta=\"{&quot;aperture&quot;:&quot;0&quot;,&quot;credit&quot;:&quot;&quot;,&quot;camera&quot;:&quot;&quot;,&quot;caption&quot;:&quot;&quot;,&quot;created_timestamp&quot;:&quot;0&quot;,&quot;copyright&quot;:&quot;&quot;,&quot;focal_length&quot;:&quot;0&quot;,&quot;iso&quot;:&quot;0&quot;,&quot;shutter_speed&quot;:&quot;0&quot;,&quot;title&quot;:&quot;&quot;,&quot;orientation&quot;:&quot;0&quot;}\" data-image-title=\"cortesdomeio9 (1)\" data-image-description=\"\" data-medium-file=\"https:\/\/i0.wp.com\/horteladaribeira.pt\/wp-content\/uploads\/2023\/11\/cortesdomeio9-1.jpg?fit=300%2C240&#038;ssl=1\" data-large-file=\"https:\/\/i0.wp.com\/horteladaribeira.pt\/wp-content\/uploads\/2023\/11\/cortesdomeio9-1.jpg?fit=800%2C640&#038;ssl=1\" src=\"https:\/\/i0.wp.com\/horteladaribeira.pt\/wp-content\/uploads\/2023\/11\/cortesdomeio9-1.jpg?w=263&#038;h=210&#038;ssl=1\" srcset=\"https:\/\/i0.wp.com\/horteladaribeira.pt\/wp-content\/uploads\/2023\/11\/cortesdomeio9-1.jpg?w=1000&amp;ssl=1 1000w, https:\/\/i0.wp.com\/horteladaribeira.pt\/wp-content\/uploads\/2023\/11\/cortesdomeio9-1.jpg?resize=300%2C240&amp;ssl=1 300w, https:\/\/i0.wp.com\/horteladaribeira.pt\/wp-content\/uploads\/2023\/11\/cortesdomeio9-1.jpg?resize=768%2C614&amp;ssl=1 768w, https:\/\/i0.wp.com\/horteladaribeira.pt\/wp-content\/uploads\/2023\/11\/cortesdomeio9-1.jpg?resize=800%2C640&amp;ssl=1 800w\" width=\"263\" height=\"210\" loading=\"lazy\" data-original-width=\"263\" data-original-height=\"210\" itemprop=\"http:\/\/schema.org\/image\" title=\"cortesdomeio9 (1)\" alt=\"2_A aldeia: Cortes do Meio\" style=\"width: 263px; height: 210px;\" \/> <\/a> <div class=\"tiled-gallery-caption\" itemprop=\"caption description\"> 2_A aldeia: Cortes do Meio <\/div> <\/div> <\/div> <!-- close group --> <div class=\"gallery-group images-1\" style=\"width: 266px; height: 214px;\" data-original-width=\"266\" data-original-height=\"214\" > <div class=\"tiled-gallery-item tiled-gallery-item-large\" itemprop=\"associatedMedia\" itemscope itemtype=\"http:\/\/schema.org\/ImageObject\"> <a href=\"https:\/\/horteladaribeira.pt\/index.php\/aldeias\/cortes-do-meio\/cortesdomeio5\/\" border=\"0\" itemprop=\"url\"> <meta itemprop=\"width\" content=\"262\"> <meta itemprop=\"height\" content=\"210\"> <img decoding=\"async\" class=\"\" data-attachment-id=\"643\" data-orig-file=\"https:\/\/horteladaribeira.pt\/wp-content\/uploads\/2023\/11\/cortesdomeio5.jpg\" data-orig-size=\"1000,800\" data-comments-opened=\"1\" data-image-meta=\"{&quot;aperture&quot;:&quot;0&quot;,&quot;credit&quot;:&quot;&quot;,&quot;camera&quot;:&quot;&quot;,&quot;caption&quot;:&quot;&quot;,&quot;created_timestamp&quot;:&quot;0&quot;,&quot;copyright&quot;:&quot;&quot;,&quot;focal_length&quot;:&quot;0&quot;,&quot;iso&quot;:&quot;0&quot;,&quot;shutter_speed&quot;:&quot;0&quot;,&quot;title&quot;:&quot;&quot;,&quot;orientation&quot;:&quot;0&quot;}\" data-image-title=\"cortesdomeio5\" data-image-description=\"\" data-medium-file=\"https:\/\/i0.wp.com\/horteladaribeira.pt\/wp-content\/uploads\/2023\/11\/cortesdomeio5.jpg?fit=300%2C240&#038;ssl=1\" data-large-file=\"https:\/\/i0.wp.com\/horteladaribeira.pt\/wp-content\/uploads\/2023\/11\/cortesdomeio5.jpg?fit=800%2C640&#038;ssl=1\" src=\"https:\/\/i0.wp.com\/horteladaribeira.pt\/wp-content\/uploads\/2023\/11\/cortesdomeio5.jpg?w=262&#038;h=210&#038;ssl=1\" srcset=\"https:\/\/i0.wp.com\/horteladaribeira.pt\/wp-content\/uploads\/2023\/11\/cortesdomeio5.jpg?w=1000&amp;ssl=1 1000w, https:\/\/i0.wp.com\/horteladaribeira.pt\/wp-content\/uploads\/2023\/11\/cortesdomeio5.jpg?resize=300%2C240&amp;ssl=1 300w, https:\/\/i0.wp.com\/horteladaribeira.pt\/wp-content\/uploads\/2023\/11\/cortesdomeio5.jpg?resize=768%2C614&amp;ssl=1 768w, https:\/\/i0.wp.com\/horteladaribeira.pt\/wp-content\/uploads\/2023\/11\/cortesdomeio5.jpg?resize=800%2C640&amp;ssl=1 800w\" width=\"262\" height=\"210\" loading=\"lazy\" data-original-width=\"262\" data-original-height=\"210\" itemprop=\"http:\/\/schema.org\/image\" title=\"cortesdomeio5\" alt=\"4_Aldeia: Cortes do Meio\" style=\"width: 262px; height: 210px;\" \/> <\/a> <div class=\"tiled-gallery-caption\" itemprop=\"caption description\"> 4_Aldeia: Cortes do Meio <\/div> <\/div> <\/div> <!-- close group --> <\/div> <!-- close row --> <div class=\"gallery-row\" style=\"width: 800px; height: 321px;\" data-original-width=\"800\" data-original-height=\"321\" > <div class=\"gallery-group images-1\" style=\"width: 400px; height: 321px;\" data-original-width=\"400\" data-original-height=\"321\" > <div class=\"tiled-gallery-item tiled-gallery-item-large\" itemprop=\"associatedMedia\" itemscope itemtype=\"http:\/\/schema.org\/ImageObject\"> <a href=\"https:\/\/horteladaribeira.pt\/index.php\/aldeias\/cortes-do-meio\/cortesdomeio7\/\" border=\"0\" itemprop=\"url\"> <meta itemprop=\"width\" content=\"396\"> <meta itemprop=\"height\" content=\"317\"> <img decoding=\"async\" class=\"\" data-attachment-id=\"641\" data-orig-file=\"https:\/\/horteladaribeira.pt\/wp-content\/uploads\/2023\/11\/cortesdomeio7.jpg\" data-orig-size=\"1000,800\" data-comments-opened=\"1\" data-image-meta=\"{&quot;aperture&quot;:&quot;0&quot;,&quot;credit&quot;:&quot;&quot;,&quot;camera&quot;:&quot;&quot;,&quot;caption&quot;:&quot;&quot;,&quot;created_timestamp&quot;:&quot;0&quot;,&quot;copyright&quot;:&quot;&quot;,&quot;focal_length&quot;:&quot;0&quot;,&quot;iso&quot;:&quot;0&quot;,&quot;shutter_speed&quot;:&quot;0&quot;,&quot;title&quot;:&quot;&quot;,&quot;orientation&quot;:&quot;0&quot;}\" data-image-title=\"cortesdomeio7\" data-image-description=\"\" data-medium-file=\"https:\/\/i0.wp.com\/horteladaribeira.pt\/wp-content\/uploads\/2023\/11\/cortesdomeio7.jpg?fit=300%2C240&#038;ssl=1\" data-large-file=\"https:\/\/i0.wp.com\/horteladaribeira.pt\/wp-content\/uploads\/2023\/11\/cortesdomeio7.jpg?fit=800%2C640&#038;ssl=1\" src=\"https:\/\/i0.wp.com\/horteladaribeira.pt\/wp-content\/uploads\/2023\/11\/cortesdomeio7.jpg?w=396&#038;h=317&#038;ssl=1\" srcset=\"https:\/\/i0.wp.com\/horteladaribeira.pt\/wp-content\/uploads\/2023\/11\/cortesdomeio7.jpg?w=1000&amp;ssl=1 1000w, https:\/\/i0.wp.com\/horteladaribeira.pt\/wp-content\/uploads\/2023\/11\/cortesdomeio7.jpg?resize=300%2C240&amp;ssl=1 300w, https:\/\/i0.wp.com\/horteladaribeira.pt\/wp-content\/uploads\/2023\/11\/cortesdomeio7.jpg?resize=768%2C614&amp;ssl=1 768w, https:\/\/i0.wp.com\/horteladaribeira.pt\/wp-content\/uploads\/2023\/11\/cortesdomeio7.jpg?resize=800%2C640&amp;ssl=1 800w\" width=\"396\" height=\"317\" loading=\"lazy\" data-original-width=\"396\" data-original-height=\"317\" itemprop=\"http:\/\/schema.org\/image\" title=\"cortesdomeio7\" alt=\"6_Aldeia: Cortes do Meio\" style=\"width: 396px; height: 317px;\" \/> <\/a> <div class=\"tiled-gallery-caption\" itemprop=\"caption description\"> 6_Aldeia: Cortes do Meio <\/div> <\/div> <\/div> <!-- close group --> <div class=\"gallery-group images-1\" style=\"width: 400px; height: 321px;\" data-original-width=\"400\" data-original-height=\"321\" > <div class=\"tiled-gallery-item tiled-gallery-item-large\" itemprop=\"associatedMedia\" itemscope itemtype=\"http:\/\/schema.org\/ImageObject\"> <a href=\"https:\/\/horteladaribeira.pt\/index.php\/aldeias\/cortes-do-meio\/cortesdomeio3-1\/\" border=\"0\" itemprop=\"url\"> <meta itemprop=\"width\" content=\"396\"> <meta itemprop=\"height\" content=\"317\"> <img decoding=\"async\" class=\"\" data-attachment-id=\"647\" data-orig-file=\"https:\/\/horteladaribeira.pt\/wp-content\/uploads\/2023\/11\/cortesdomeio3-1.jpg\" data-orig-size=\"1000,800\" data-comments-opened=\"1\" data-image-meta=\"{&quot;aperture&quot;:&quot;0&quot;,&quot;credit&quot;:&quot;&quot;,&quot;camera&quot;:&quot;&quot;,&quot;caption&quot;:&quot;&quot;,&quot;created_timestamp&quot;:&quot;0&quot;,&quot;copyright&quot;:&quot;&quot;,&quot;focal_length&quot;:&quot;0&quot;,&quot;iso&quot;:&quot;0&quot;,&quot;shutter_speed&quot;:&quot;0&quot;,&quot;title&quot;:&quot;&quot;,&quot;orientation&quot;:&quot;0&quot;}\" data-image-title=\"cortesdomeio3 (1)\" data-image-description=\"\" data-medium-file=\"https:\/\/i0.wp.com\/horteladaribeira.pt\/wp-content\/uploads\/2023\/11\/cortesdomeio3-1.jpg?fit=300%2C240&#038;ssl=1\" data-large-file=\"https:\/\/i0.wp.com\/horteladaribeira.pt\/wp-content\/uploads\/2023\/11\/cortesdomeio3-1.jpg?fit=800%2C640&#038;ssl=1\" src=\"https:\/\/i0.wp.com\/horteladaribeira.pt\/wp-content\/uploads\/2023\/11\/cortesdomeio3-1.jpg?w=396&#038;h=317&#038;ssl=1\" srcset=\"https:\/\/i0.wp.com\/horteladaribeira.pt\/wp-content\/uploads\/2023\/11\/cortesdomeio3-1.jpg?w=1000&amp;ssl=1 1000w, https:\/\/i0.wp.com\/horteladaribeira.pt\/wp-content\/uploads\/2023\/11\/cortesdomeio3-1.jpg?resize=300%2C240&amp;ssl=1 300w, https:\/\/i0.wp.com\/horteladaribeira.pt\/wp-content\/uploads\/2023\/11\/cortesdomeio3-1.jpg?resize=768%2C614&amp;ssl=1 768w, https:\/\/i0.wp.com\/horteladaribeira.pt\/wp-content\/uploads\/2023\/11\/cortesdomeio3-1.jpg?resize=800%2C640&amp;ssl=1 800w\" width=\"396\" height=\"317\" loading=\"lazy\" data-original-width=\"396\" data-original-height=\"317\" itemprop=\"http:\/\/schema.org\/image\" title=\"cortesdomeio3 (1)\" alt=\"1_A aldeia: Cortes do Meio\" style=\"width: 396px; height: 317px;\" \/> <\/a> <div class=\"tiled-gallery-caption\" itemprop=\"caption description\"> 1_A aldeia: Cortes do Meio <\/div> <\/div> <\/div> <!-- close group --> <\/div> <!-- close row --> <\/div>\n<h2>Patrim\u00f3nio<\/h2>\n<p>Igreja de S. Roque (matriz)<br \/>Capela de Santo Ant\u00f3nio<br \/>Capela Sagrado Cora\u00e7\u00e3o de Maria<br \/>Moinhos de \u00e1gua<br \/>Ponte romana de Cortes de Baixo<br \/>Antigas minas do Peixeiro<br \/>Trechos da ribeira das Cortes e da Nave de Santo Ant\u00f3nio<br \/>Lugar de Penhas da Sa\u00fade<br \/>Espinha\u00e7o do C\u00e3o<\/p>\n<p><img data-recalc-dims=\"1\" loading=\"lazy\" decoding=\"async\" class=\"wp-image-679 size-full aligncenter\" src=\"https:\/\/i0.wp.com\/horteladaribeira.pt\/wp-content\/uploads\/2023\/11\/ribeira-de-cortes.jpg?resize=800%2C640&#038;ssl=1\" alt=\"\" width=\"800\" height=\"640\" srcset=\"https:\/\/i0.wp.com\/horteladaribeira.pt\/wp-content\/uploads\/2023\/11\/ribeira-de-cortes.jpg?w=1000&amp;ssl=1 1000w, https:\/\/i0.wp.com\/horteladaribeira.pt\/wp-content\/uploads\/2023\/11\/ribeira-de-cortes.jpg?resize=300%2C240&amp;ssl=1 300w, https:\/\/i0.wp.com\/horteladaribeira.pt\/wp-content\/uploads\/2023\/11\/ribeira-de-cortes.jpg?resize=768%2C614&amp;ssl=1 768w, https:\/\/i0.wp.com\/horteladaribeira.pt\/wp-content\/uploads\/2023\/11\/ribeira-de-cortes.jpg?resize=800%2C640&amp;ssl=1 800w\" sizes=\"auto, (max-width: 800px) 100vw, 800px\" \/><\/p>\n\n\n<p>Ribeira de Cortes<\/p>\n","protected":false},"excerpt":{"rendered":"<p>Cortes do Meio refugia-se nas margens da sua ribeira semiglaciar, na vertente sul da Serra da Estrela, ribeira essa que pinta de azul os majestosos frag\u00f5es que, atentamente, observamos a partir de qualquer ponto da aldeia.<\/p>\n","protected":false},"author":1,"featured_media":635,"parent":689,"menu_order":1,"comment_status":"closed","ping_status":"closed","template":"","meta":{"inline_featured_image":false,"footnotes":""},"class_list":["post-630","page","type-page","status-publish","has-post-thumbnail","hentry"],"aioseo_notices":[],"jetpack_sharing_enabled":true,"_links":{"self":[{"href":"https:\/\/horteladaribeira.pt\/index.php\/wp-json\/wp\/v2\/pages\/630","targetHints":{"allow":["GET"]}}],"collection":[{"href":"https:\/\/horteladaribeira.pt\/index.php\/wp-json\/wp\/v2\/pages"}],"about":[{"href":"https:\/\/horteladaribeira.pt\/index.php\/wp-json\/wp\/v2\/types\/page"}],"author":[{"embeddable":true,"href":"https:\/\/horteladaribeira.pt\/index.php\/wp-json\/wp\/v2\/users\/1"}],"replies":[{"embeddable":true,"href":"https:\/\/horteladaribeira.pt\/index.php\/wp-json\/wp\/v2\/comments?post=630"}],"version-history":[{"count":0,"href":"https:\/\/horteladaribeira.pt\/index.php\/wp-json\/wp\/v2\/pages\/630\/revisions"}],"up":[{"embeddable":true,"href":"https:\/\/horteladaribeira.pt\/index.php\/wp-json\/wp\/v2\/pages\/689"}],"wp:featuredmedia":[{"embeddable":true,"href":"https:\/\/horteladaribeira.pt\/index.php\/wp-json\/wp\/v2\/media\/635"}],"wp:attachment":[{"href":"https:\/\/horteladaribeira.pt\/index.php\/wp-json\/wp\/v2\/media?parent=630"}],"curies":[{"name":"wp","href":"https:\/\/api.w.org\/{rel}","templated":true}]}}